{"id":1557,"date":"2015-07-09T22:02:32","date_gmt":"2015-07-09T22:02:32","guid":{"rendered":"http:\/\/amazoniasites.com.br\/demo1\/?page_id=31"},"modified":"2015-07-09T22:02:32","modified_gmt":"2015-07-09T22:02:32","slug":"contato","status":"publish","type":"page","link":"https:\/\/fetracomdf.com.br\/site\/contato\/","title":{"rendered":"CONTATO"},"content":{"rendered":"<p><span style=\"font-style: inherit; font-weight: inherit;\">Site: \u00a0www.fetracomdf.com.br<\/span><\/p>\n<p><span style=\"font-style: inherit; font-weight: inherit;\">Email: <a style=\"font-style: inherit; font-weight: inherit;\" href=\"mailto:fetracomdf@fetracomdf.com.br\">fetracomdf@fetracomdf.com.br<\/a><\/span><\/p>\n<p><span style=\"font-style: inherit; font-weight: inherit;\">Endere\u00e7o: SCS \u00a0QD 06 BLOCO A ED ARNALDO VILLARES 4\u00ba ANDAR \u2013 SALA 418\/421 \u2013 ASA SUL BRASILIA\/DF<\/span><\/p>\n<p><span style=\"font-style: inherit; font-weight: inherit;\">Fones: 61-3323 6171 \/ 3323 4121 \/ 3967 4121<\/span><\/p>\n","protected":false},"excerpt":{"rendered":"<p>Site: \u00a0www.fetracomdf.com.br Email: fetracomdf@fetracomdf.com.br Endere\u00e7o: SCS \u00a0QD 06 BLOCO A ED ARNALDO VILLARES 4\u00ba ANDAR \u2013 SALA 418\/421 \u2013 ASA SUL BRASILIA\/DF Fones: 61-3323 6171 \/ 3323 4121 \/ 3967 4121<\/p>\n","protected":false},"author":2,"featured_media":0,"parent":0,"menu_order":0,"comment_status":"open","ping_status":"open","template":"","meta":{"footnotes":""},"class_list":["post-1557","page","type-page","status-publish"],"yoast_head":"<!-- This site is optimized with the Yoast SEO plugin v22.5 - https:\/\/yoast.com\/wordpress\/plugins\/seo\/ -->\n<title>CONTATO - FETRACOM-DF<\/title>\n<meta name=\"robots\" content=\"index, follow, max-snippet:-1, max-image-preview:large, max-video-preview:-1\" \/>\n<link rel=\"canonical\" href=\"https:\/\/fetracomdf.com.br\/site\/contato\/\" \/>\n<meta property=\"og:locale\" content=\"pt_PT\" \/>\n<meta property=\"og:type\" content=\"article\" \/>\n<meta property=\"og:title\" content=\"CONTATO - FETRACOM-DF\" \/>\n<meta property=\"og:description\" content=\"Site: \u00a0www.fetracomdf.com.br Email: fetracomdf@fetracomdf.com.br Endere\u00e7o: SCS \u00a0QD 06 BLOCO A ED ARNALDO VILLARES 4\u00ba ANDAR \u2013 SALA 418\/421 \u2013 ASA SUL BRASILIA\/DF Fones: 61-3323 6171 \/ 3323 4121 \/ 3967 4121\" \/>\n<meta property=\"og:url\" content=\"https:\/\/fetracomdf.com.br\/site\/contato\/\" \/>\n<meta property=\"og:site_name\" content=\"FETRACOM-DF\" \/>\n<meta name=\"twitter:card\" content=\"summary_large_image\" \/>\n<script type=\"application\/ld+json\" class=\"yoast-schema-graph\">{\"@context\":\"https:\/\/schema.org\",\"@graph\":[{\"@type\":\"WebPage\",\"@id\":\"https:\/\/fetracomdf.com.br\/site\/contato\/\",\"url\":\"https:\/\/fetracomdf.com.br\/site\/contato\/\",\"name\":\"CONTATO - FETRACOM-DF\",\"isPartOf\":{\"@id\":\"https:\/\/fetracomdf.com.br\/site\/#website\"},\"datePublished\":\"2015-07-09T22:02:32+00:00\",\"dateModified\":\"2015-07-09T22:02:32+00:00\",\"breadcrumb\":{\"@id\":\"https:\/\/fetracomdf.com.br\/site\/contato\/#breadcrumb\"},\"inLanguage\":\"pt-PT\",\"potentialAction\":[{\"@type\":\"ReadAction\",\"target\":[\"https:\/\/fetracomdf.com.br\/site\/contato\/\"]}]},{\"@type\":\"BreadcrumbList\",\"@id\":\"https:\/\/fetracomdf.com.br\/site\/contato\/#breadcrumb\",\"itemListElement\":[{\"@type\":\"ListItem\",\"position\":1,\"name\":\"In\u00edcio\",\"item\":\"https:\/\/fetracomdf.com.br\/site\/\"},{\"@type\":\"ListItem\",\"position\":2,\"name\":\"CONTATO\"}]},{\"@type\":\"WebSite\",\"@id\":\"https:\/\/fetracomdf.com.br\/site\/#website\",\"url\":\"https:\/\/fetracomdf.com.br\/site\/\",\"name\":\"FETRACOM-DF\",\"description\":\"Federa\u00e7\u00e3o dos Trabalhadores no Com\u00e9rcio e Servi\u00e7os do DF\",\"potentialAction\":[{\"@type\":\"SearchAction\",\"target\":{\"@type\":\"EntryPoint\",\"urlTemplate\":\"https:\/\/fetracomdf.com.br\/site\/?s={search_term_string}\"},\"query-input\":\"required name=search_term_string\"}],\"inLanguage\":\"pt-PT\"}]}<\/script>\n<!-- \/ Yoast SEO plugin. -->","yoast_head_json":{"title":"CONTATO - FETRACOM-DF","robots":{"index":"index","follow":"follow","max-snippet":"max-snippet:-1","max-image-preview":"max-image-preview:large","max-video-preview":"max-video-preview:-1"},"canonical":"https:\/\/fetracomdf.com.br\/site\/contato\/","og_locale":"pt_PT","og_type":"article","og_title":"CONTATO - FETRACOM-DF","og_description":"Site: \u00a0www.fetracomdf.com.br Email: fetracomdf@fetracomdf.com.br Endere\u00e7o: SCS \u00a0QD 06 BLOCO A ED ARNALDO VILLARES 4\u00ba ANDAR \u2013 SALA 418\/421 \u2013 ASA SUL BRASILIA\/DF Fones: 61-3323 6171 \/ 3323 4121 \/ 3967 4121","og_url":"https:\/\/fetracomdf.com.br\/site\/contato\/","og_site_name":"FETRACOM-DF","twitter_card":"summary_large_image","schema":{"@context":"https:\/\/schema.org","@graph":[{"@type":"WebPage","@id":"https:\/\/fetracomdf.com.br\/site\/contato\/","url":"https:\/\/fetracomdf.com.br\/site\/contato\/","name":"CONTATO - FETRACOM-DF","isPartOf":{"@id":"https:\/\/fetracomdf.com.br\/site\/#website"},"datePublished":"2015-07-09T22:02:32+00:00","dateModified":"2015-07-09T22:02:32+00:00","breadcrumb":{"@id":"https:\/\/fetracomdf.com.br\/site\/contato\/#breadcrumb"},"inLanguage":"pt-PT","potentialAction":[{"@type":"ReadAction","target":["https:\/\/fetracomdf.com.br\/site\/contato\/"]}]},{"@type":"BreadcrumbList","@id":"https:\/\/fetracomdf.com.br\/site\/contato\/#breadcrumb","itemListElement":[{"@type":"ListItem","position":1,"name":"In\u00edcio","item":"https:\/\/fetracomdf.com.br\/site\/"},{"@type":"ListItem","position":2,"name":"CONTATO"}]},{"@type":"WebSite","@id":"https:\/\/fetracomdf.com.br\/site\/#website","url":"https:\/\/fetracomdf.com.br\/site\/","name":"FETRACOM-DF","description":"Federa\u00e7\u00e3o dos Trabalhadores no Com\u00e9rcio e Servi\u00e7os do DF","potentialAction":[{"@type":"SearchAction","target":{"@type":"EntryPoint","urlTemplate":"https:\/\/fetracomdf.com.br\/site\/?s={search_term_string}"},"query-input":"required name=search_term_string"}],"inLanguage":"pt-PT"}]}},"_links":{"self":[{"href":"https:\/\/fetracomdf.com.br\/site\/wp-json\/wp\/v2\/pages\/1557","targetHints":{"allow":["GET"]}}],"collection":[{"href":"https:\/\/fetracomdf.com.br\/site\/wp-json\/wp\/v2\/pages"}],"about":[{"href":"https:\/\/fetracomdf.com.br\/site\/wp-json\/wp\/v2\/types\/page"}],"author":[{"embeddable":true,"href":"https:\/\/fetracomdf.com.br\/site\/wp-json\/wp\/v2\/users\/2"}],"replies":[{"embeddable":true,"href":"https:\/\/fetracomdf.com.br\/site\/wp-json\/wp\/v2\/comments?post=1557"}],"version-history":[{"count":0,"href":"https:\/\/fetracomdf.com.br\/site\/wp-json\/wp\/v2\/pages\/1557\/revisions"}],"wp:attachment":[{"href":"https:\/\/fetracomdf.com.br\/site\/wp-json\/wp\/v2\/media?parent=1557"}],"curies":[{"name":"wp","href":"https:\/\/api.w.org\/{rel}","templated":true}]}}